st the prime factors of 2732.
2, 683
What are the prime factors of 3138?
2, 3, 523
List the prime factors of 75046.
2, 157, 239
What are the prime factors of 16071?
3, 11, 487
List the prime factors of 7674.
2, 3, 1279
List the prime factors of 2250.
2, 3, 5
List the prime factors of 86843.
86843
What are the prime factors of 930?
2, 3, 5, 31
List the prime factors of 37095.
3, 5, 2473
What are the prime factors of 16705?
5, 13, 257
List the prime factors of 7475.
5, 13, 23
List the prime factors of 20533.
20533
What are the prime factors of 2424?
2, 3, 101
List the prime factors of 786.
2, 3, 131
What are the prime factors of 1748?
2, 19, 23
What are the prime factors of 1308?
2, 3, 109
List the prime factors of 98338.
2, 49169
What are the prime factors of 2348?
2, 587
What are the prime factors of 1487?
1487
What are the prime factors of 4885?
5, 977
What are the prime factors of 374?
2, 11, 17
List the prime factors of 5563.
5563
What are the prime factors of 7644?
2, 3, 7, 13
List the prime factors of 240.
2, 3, 5
List the prime factors of 2033.
19, 107
What are the prime factors of 2270?
2, 5, 227
What are the prime factors of 3239?
41, 79
List the prime factors of 14030.
2, 5, 23, 61
What are the prime factors of 1483?
1483
What are the prime factors of 18755?
5, 11, 31
What are the prime factors of 25037?
25037
List the prime factors of 32354.
2, 7, 2311
What are the prime factors of 8550?
2, 3, 5, 19
List the prime factors of 55580.
2, 5, 7, 397
List the prime factors of 3356.
2, 839
List the prime factors of 11683.
7, 1669
List the prime factors of 51785.
5, 10357
List the prime factors of 22219.
17, 1307
List the prime factors of 168.
2, 3, 7
What are the prime factors of 207?
3, 23
List the prime factors of 380.
2, 5, 19
What are the prime factors of 4251?
3, 13, 109
What are the prime factors of 3622?
2, 1811
List the prime factors of 239.
239
What are the prime factors of 4520?
2, 5, 113
What are the prime factors of 92?
2, 23
What are the prime factors of 731?
17, 43
What are the prime factors of 6020?
2, 5, 7, 43
List the prime factors of 5784.
2, 3, 241
List the prime factors of 85.
5, 17
List the prime factors of 21283.
21283
What are the prime factors of 129613?
11, 11783
What are the prime factors of 97525?
5, 47, 83
What are the prime factors of 2108?
2, 17, 31
List the prime factors of 2216.
2, 277
List the prime factors of 225.
3, 5
List the prime factors of 139320.
2, 3, 5, 43
What are the prime factors of 762?
2, 3, 127
List the prime factors of 40.
2, 5
List the prime factors of 154898.
2, 41, 1889
List the prime factors of 41131.
41131
What are the prime factors of 5085?
3, 5, 113
What are the prime factors of 1020?
2, 3, 5, 17
List the prime factors of 1507.
11, 137
List the prime factors of 46990.
2, 5, 37, 127
What are the prime factors of 18093?
3, 37, 163
What are the prime factors of 114?
2, 3, 19
List the prime factors of 773.
773
What are the prime factors of 2129?
2129
List the prime factors of 5322.
2, 3, 887
List the prime factors of 1872.
2, 3, 13
List the prime factors of 1209.
3, 13, 31
List the prime factors of 615.
3, 5, 41
List the prime factors of 3619.
7, 11, 47
What are the prime factors of 358?
2, 179
List the prime factors of 23403.
3, 29, 269
What are the prime factors of 153?
3, 17
List the prime factors of 8002.
2, 4001
List the prime factors of 3643.
3643
What are the prime factors of 970?
2, 5, 97
What are the prime factors of 3536?
2, 13, 17
What are the prime factors of 747?
3, 83
List the prime factors of 4742.
2, 2371
List the prime factors of 8817.
3, 2939
What are the prime factors of 19075?
5, 7, 109
What are the prime factors of 704?
2, 11
What are the prime factors of 4739?
7, 677
What are the prime factors of 386?
2, 193
What are the prime factors of 601?
601
List the prime factors of 11863.
11863
List the prime factors of 5811.
3, 13, 149
What are the prime factors of 2383?
2383
List the prime factors of 1566.
2, 3, 29
List the prime factors of 56113.
56113
What are the prime factors of 2901?
3, 967
List the prime factors of 11527.
11527
What are the prime factors of 2792?
2, 349
List the prime factors of 47382.
2, 3, 53, 149
List the prime factors of 10272.
2, 3, 107
List the prime factors of 9835.
5, 7, 281
List the prime factors of 18232.
2, 43, 53
What are the prime factors of 1698?
2, 3, 283
What are the prime factors of 11529?
3, 7, 61
List the prime factors of 926.
2, 463
What are the prime factors of 3880?
2, 5, 97
List the prime factors of 2931.
3, 977
List the prime factors of 1154.
2, 577
What are the prime factors of 883?
883
What are the prime factors of 107996?
2, 7, 19, 29
What are the prime factors of 8797?
19, 463
List the prime factors of 493.
17, 29
List the prime factors of 10373.
11, 23, 41
List the prime factors of 228.
2, 3, 19
What are the prime factors of 10684?
2, 2671
What are the prime factors of 54230?
2, 5, 11, 17, 29
List the prime factors of 18890.
2, 5, 1889
List the prime factors of 12108.
2, 3, 1009
List the prime factors of 3277.
29, 113
What are the prime factors of 3068?
2, 13, 59
What are the prime factors of 476?
2, 7, 17
List the prime factors of 1164.
2, 3, 97
List the prime factors of 259.
7, 37
List the prime factors of 2828.
2, 7, 101
What are the prime factors of 147?
3, 7
What are the prime factors of 24699?
3, 8233
What are the prime factors of 23901?
3, 31, 257
List the prime factors of 7983.
3, 887
List the prime factors of 8878.
2, 23, 193
What are the prime factors of 4152?
2, 3, 173
What are the prime factors of 7065?
3, 5, 157
List the prime factors of 75757.
11, 71, 97
What are the prime factors of 20939?
20939
What are the prime factors of 627?
3, 11, 19
List the prime factors of 1569.
3, 523
List the prime factors of 6512.
2, 11, 37
What are the prime factors of 4699?
37, 127
What are the prime factors of 916?
2, 229
List the prime factors of 37782.
2, 3, 2099
List the prime factors of 17311.
7, 2473
What are the prime factors of 4241?
4241
List the prime factors of 96414.
2, 3, 16069
List the prime factors of 10798.
2, 5399
What are the prime factors of 28289?
28289
List the prime factors of 12324.
2, 3, 13, 79
List the prime factors of 64.
2
List the prime factors of 3727.
3727
What are the prime factors of 202788?
2, 3, 43, 131
List the prime factors of 5789.
7, 827
List the prime factors of 51584.
2, 13, 31
What are the prime factors of 12365?
5, 2473
List the prime factors of 51.
3, 17
What are the prime factors of 4618?
2, 2309
List the prime factors of 732.
2, 3, 61
List the prime factors of 58444.
2, 19, 769
List the prime factors of 160259.
11, 17, 857
List the prime factors of 6527.
61, 107
What are the prime factors of 5838?
2, 3, 7, 139
What are the prime factors of 1025?
5, 41
What are the prime factors of 12073?
12073
List the prime factors of 13452.
2, 3, 19, 59
List the prime factors of 98899.
98899
List the prime factors of 67651.
67651
What are the prime factors of 4851?
3, 7, 11
List the prime factors of 26886.
2, 3, 4481
List the prime factors of 74203.
74203
What are the prime factors of 1028?
2, 257
What are the prime factors of 662?
2, 331
List the prime factors of 1446.
2, 3, 241
What are the prime factors of 38762?
2, 19381
What are the prime factors of 1986?
2, 3, 331
List the prime factors of 82659.
3, 59, 467
What are the prime factors of 42238?
2, 7, 431
What are the prime factors of 40849?
40849
What are the prime factors of 6193?
11, 563
List the prime factors of 5414.
2, 2707
What are the prime factors of 7996?
2, 1999
List the prime factors of 1690.
2, 5, 13
List the prime factors of 3201.
3, 11, 97
What are the prime factors of 20194?
2, 23, 439
What are the prime factors of 7113?
3, 2371
What are the prime factors of 3955?
5, 7, 113
What are the prime factors of 2202?
2, 3, 367
What are the prime factors of 4137?
3, 7, 197
What are the prime factors of 1401?
3, 467
List the prime factors of 8573.
8573
List the prime factors of 8116.
2, 2029
List the prime factors of 2232.
2, 3, 31
What are the prime factors of 232?
2, 29
List the prime factors of 273.
3, 7, 13
What are the prime factors of 4315?
5, 863
What are the prime factors of 32?
2
List the prime factors of 17058.
2, 3, 2843
Wha